en thousands digit of 26725?
2
What is the tens digit of 1840?
4
What is the tens digit of 4769?
6
What is the units digit of 22033?
3
What is the ten thousands digit of 17168?
1
What is the units digit of 335?
5
What is the thousands digit of 8382?
8
What is the tens digit of 5040?
4
What is the hundreds digit of 641?
6
What is the tens digit of 2439?
3
What is the hundreds digit of 22496?
4
What is the hundreds digit of 16383?
3
What is the ten thousands digit of 11690?
1
What is the tens digit of 96339?
3
What is the hundreds digit of 3602?
6
What is the hundreds digit of 3573?
5
What is the tens digit of 1537?
3
What is the thousands digit of 9310?
9
What is the tens digit of 5526?
2
What is the tens digit of 82132?
3
What is the units digit of 1293?
3
What is the units digit of 3990?
0
What is the ten thousands digit of 39000?
3
What is the tens digit of 16567?
6
What is the tens digit of 35073?
7
What is the thousands digit of 1905?
1
What is the hundreds digit of 63255?
2
What is the thousands digit of 28598?
8
What is the hundreds digit of 11292?
2
What is the units digit of 72802?
2
What is the hundreds digit of 11988?
9
What is the hundreds digit of 5474?
4
What is the tens digit of 1488?
8
What is the units digit of 297?
7
What is the ten thousands digit of 28657?
2
What is the units digit of 806?
6
What is the tens digit of 2437?
3
What is the units digit of 13691?
1
What is the hundreds digit of 4361?
3
What is the tens digit of 2031?
3
What is the ten thousands digit of 20757?
2
What is the hundreds digit of 3819?
8
What is the hundreds digit of 803?
8
What is the units digit of 698?
8
What is the ten thousands digit of 42064?
4
What is the ten thousands digit of 17368?
1
What is the thousands digit of 9169?
9
What is the thousands digit of 1598?
1
What is the units digit of 60982?
2
What is the ten thousands digit of 31148?
3
What is the units digit of 9044?
4
What is the tens digit of 72?
7
What is the units digit of 2?
2
What is the units digit of 392?
2
What is the thousands digit of 1448?
1
What is the tens digit of 507?
0
What is the tens digit of 97?
9
What is the hundreds digit of 7687?
6
What is the tens digit of 1392?
9
What is the tens digit of 692?
9
What is the hundreds digit of 2387?
3
What is the ten thousands digit of 12978?
1
What is the hundreds digit of 700?
7
What is the thousands digit of 27719?
7
What is the thousands digit of 1709?
1
What is the thousands digit of 21065?
1
What is the tens digit of 9023?
2
What is the units digit of 2484?
4
What is the ten thousands digit of 12608?
1
What is the thousands digit of 5107?
5
What is the tens digit of 94727?
2
What is the tens digit of 28719?
1
What is the tens digit of 2707?
0
What is the hundreds digit of 443?
4
What is the units digit of 2704?
4
What is the units digit of 22584?
4
What is the ten thousands digit of 28186?
2
What is the thousands digit of 1043?
1
What is the hundreds digit of 1358?
3
What is the thousands digit of 5169?
5
What is the ten thousands digit of 19871?
1
What is the units digit of 1549?
9
What is the tens digit of 677?
7
What is the tens digit of 1246?
4
What is the ten thousands digit of 15330?
1
What is the ten thousands digit of 62477?
6
What is the hundreds digit of 624?
6
What is the hundreds digit of 5556?
5
What is the ten thousands digit of 23381?
2
What is the units digit of 6215?
5
What is the tens digit of 548?
4
What is the tens digit of 1128?
2
What is the thousands digit of 33320?
3
What is the thousands digit of 6131?
6
What is the tens digit of 4476?
7
What is the thousands digit of 3217?
3
What is the units digit of 771?
1
What is the units digit of 892?
2
What is the thousands digit of 18401?
8
What is the hundreds digit of 10552?
5
What is the thousands digit of 191614?
1
What is the thousands digit of 1724?
1
What is the thousands digit of 1060?
1
What is the ten thousands digit of 26949?
2
What is the tens digit of 935?
3
What is the hundreds digit of 14662?
6
What is the hundreds digit of 1231?
2
What is the hundreds digit of 6599?
5
What is the units digit of 6511?
1
What is the units digit of 50940?
0
What is the tens digit of 1608?
0
What is the units digit of 7698?
8
What is the ten thousands digit of 18498?
1
What is the units digit of 5492?
2
What is the units digit of 5607?
7
What is the units digit of 3349?
9
What is the units digit of 905?
5
What is the thousands digit of 36177?
6
What is the tens digit of 3830?
3
What is the hundreds digit of 38585?
5
What is the ten thousands digit of 27906?
2
What is the tens digit of 26?
2
What is the tens digit of 2170?
7
What is the hundreds digit of 63454?
4
What is the thousands digit of 1406?
1
What is the units digit of 1025?
5
What is the tens digit of 1553?
5
What is the tens digit of 15586?
8
What is the units digit of 8301?
1
What is the hundreds digit of 2111?
1
What is the tens digit of 11078?
7
What is the hundreds digit of 686?
6
What is the units digit of 292?
2
What is the hundreds digit of 1770?
7
What is the units digit of 588?
8
What is the hundreds digit of 1254?
2
What is the ten thousands digit of 60463?
6
What is the units digit of 665?
5
What is the thousands digit of 5239?
5
What is the units digit of 597?
7
What is the units digit of 7579?
9
What is the ten thousands digit of 23262?
2
What is the hundreds digit of 185321?
3
What is the hundreds digit of 1292?
2
What is the thousands digit of 32429?
2
What is the thousands digit of 3009?
3
What is the units digit of 566?
6
What is the thousands digit of 3723?
3
What is the hundreds digit of 57689?
6
What is the tens digit of 11544?
4
What is the tens digit of 100?
0
What is the thousands digit of 97695?
7
What is the units digit of 3825?
5
What is the hundreds digit of 2812?
8
What is the ten thousands digit of 64376?
6
What is the thousands digit of 5296?
5
What is the hundreds digit of 18520?
5
What is the hundreds digit of 832?
8
What is the thousands digit of 16950?
6
What is the thousands digit of 19179?
9
What is the hundreds digit of 935?
9
What is the ten thousands digit of 62590?
6
What is the hundreds digit of 3742?
7
What is the hundreds digit of 2112?
1
What is the hundreds digit of 1406?
4
What is the tens digit of 16672?
7
What is the units digit of 9960?
0
What is the hundreds digit of 147389?
3
What is the hundreds digit of 52356?
3
What is the hundreds digit of 364?
3
What is the thousands digit of 3538?
3
What is the tens digit of 95254?
5
What is the hundreds digit of 5181?
1
What is the hundreds digit of 34036?
0
What is the tens digit of 627?
2
What is the units digit of 1861?
1
What is the tens digit of 4458?
5
What is the thousands digit of 1748?
1
What is the ten thousands digit of 30468?
3
What is the hundreds digit of 3450?
4
What is the ten thousands digit of 88175?
8
What is the tens digit of 454?
5
What is the thousands digit of 8226?
8
What is the hundreds digit of 6305?
3
What is the units digit of 842?
2
What is the ten thousands digit of 31677?
3
What is the thousands digit of 19300?
9
What is the ten thousands digit of 24225?
2
What is the thousands digit of 1311?
1
What is the ten thousands digit of 44440?
4
What is the units digit of 4183?
3
What is the units digit of 97617?
7
What is the hundreds digit of 1593?
5
What is the hundreds digit of 999?
9
What is the ten thousands digit of 31049?
3
What is the units digit of 1652?
2
What is the thousands digit of 24118?
4
What is the tens digit of 806?
0
What is the thousands digit of 31316?
1
What is the hundreds digit of 21406?
4
What is the tens digit of 533?
3
What is the ten thousands digit of 33341?
3
What is the units digit of 2978?
8
What is the tens digit of 1225?
2
What is the ten thousands digit of 25228?
2
What is the tens digit of 2018?
1
What is the tens digit of 1723?
2
What is the units digit of 1784?
4
What is the units digit of 820?
0
What is the hundreds digit of 11935?
9
What is the units digit of 1936?
6
What is the units digit of 17143?
3
What is the tens digit of 205?
0
What is the ten thousands digit of 35118?
3
What is the hundreds digit of 857?
8
What is the hundred thousands digit of 107672?
1
What is the hundreds digit of 4022?
0
What is the tens digit of 421?
2
What is the te